e remainder when 21995628 is divided by 10.
8
What is the remainder when 181731 is divided by 16511?
110
What is the remainder when 590763 is divided by 3925?
2013
Calculate the remainder when 4933387 is divided by 10.
7
What is the remainder when 164395232 is divided by 137?
27
What is the remainder when 849526 is divided by 17337?
13
Calculate the remainder when 181317 is divided by 337.
11
Calculate the remainder when 1887876 is divided by 15474.
48
What is the remainder when 69642 is divided by 1614?
240
What is the remainder when 3948926 is divided by 25152?
62
Calculate the remainder when 83713502 is divided by 11959069.
19
Calculate the remainder when 8171004 is divided by 37.
35
Calculate the remainder when 328117 is divided by 1965.
1927
What is the remainder when 2134503 is divided by 3960?
63
Calculate the remainder when 2161507 is divided by 338.
335
Calculate the remainder when 2008905 is divided by 502225.
5
What is the remainder when 251528 is divided by 929?
698
Calculate the remainder when 988938 is divided by 570.
558
Calculate the remainder when 658301336 is divided by 219433774.
14
What is the remainder when 2403111 is divided by 15?
6
Calculate the remainder when 272600 is divided by 136294.
12
What is the remainder when 16862554 is divided by 7854?
16
Calculate the remainder when 997477 is divided by 10.
7
What is the remainder when 87757 is divided by 626?
117
What is the remainder when 6536356 is divided by 28?
8
Calculate the remainder when 14741628 is divided by 2624.
2620
Calculate the remainder when 3984366 is divided by 717.
714
What is the remainder when 540675 is divided by 135162?
27
Calculate the remainder when 36496 is divided by 751.
448
Calculate the remainder when 5281451 is divided by 149.
146
What is the remainder when 1590582 is divided by 21207?
57
What is the remainder when 38616 is divided by 1147?
765
Calculate the remainder when 69377695 is divided by 2493.
2491
What is the remainder when 910055 is divided by 388?
195
What is the remainder when 188315 is divided by 393?
68
What is the remainder when 55523918 is divided by 1880?
1878
Calculate the remainder when 637008 is divided by 193.
108
What is the remainder when 3440942 is divided by 33?
32
What is the remainder when 19127478 is divided by 790?
788
What is the remainder when 130710 is divided by 361?
28
What is the remainder when 111763443 is divided by 103?
100
Calculate the remainder when 2253716 is divided by 22537.
16
Calculate the remainder when 413828 is divided by 6142.
2314
What is the remainder when 298828 is divided by 10658?
404
Calculate the remainder when 54041 is divided by 78.
65
What is the remainder when 805315887 is divided by 104?
103
What is the remainder when 295039 is divided by 73622?
551
Calculate the remainder when 4248131 is divided by 28.
27
What is the remainder when 8935498 is divided by 2333?
108
What is the remainder when 242941992 is divided by 669?
663
What is the remainder when 62826 is divided by 10416?
330
What is the remainder when 2640468 is divided by 8920?
148
What is the remainder when 291224 is divided by 5?
4
What is the remainder when 15974399 is divided by 5324799?
2
What is the remainder when 9057818 is divided by 5?
3
Calculate the remainder when 7753 is divided by 5763.
1990
What is the remainder when 95862 is divided by 15233?
4464
Calculate the remainder when 5405017 is divided by 803.
24
What is the remainder when 1914745 is divided by 1914468?
277
What is the remainder when 242772 is divided by 242291?
481
Calculate the remainder when 77928 is divided by 15508.
388
What is the remainder when 2905 is divided by 176?
89
Calculate the remainder when 1484425 is divided by 14003.
107
What is the remainder when 6473 is divided by 6109?
364
What is the remainder when 338704 is divided by 169346?
12
What is the remainder when 118420 is divided by 29452?
612
Calculate the remainder when 134541 is divided by 16760.
461
Calculate the remainder when 2510147 is divided by 77.
24
What is the remainder when 20148096 is divided by 61?
40
What is the remainder when 6949018 is divided by 2316290?
148
What is the remainder when 1088585 is divided by 72571?
20
What is the remainder when 78690 is divided by 1919?
11
What is the remainder when 10817881 is divided by 34?
33
What is the remainder when 2530409 is divided by 380?
369
What is the remainder when 174178 is divided by 43293?
1006
Calculate the remainder when 227048 is divided by 3554.
3146
Calculate the remainder when 8545293 is divided by 83777.
39
Calculate the remainder when 48542307 is divided by 584847.
6
Calculate the remainder when 30381 is divided by 30339.
42
Calculate the remainder when 1559861 is divided by 779929.
3
Calculate the remainder when 85458 is divided by 650.
308
What is the remainder when 24658847 is divided by 385294?
31
Calculate the remainder when 96112519 is divided by 392.
391
What is the remainder when 890756 is divided by 296914?
14
Calculate the remainder when 482378 is divided by 5878.
382
What is the remainder when 10362 is divided by 2383?
830
Calculate the remainder when 30773 is divided by 2923.
1543
Calculate the remainder when 1545984 is divided by 77286.
264
Calculate the remainder when 169867 is divided by 263.
232
Calculate the remainder when 960305 is divided by 2586.
899
What is the remainder when 12817088 is divided by 53?
45
Calculate the remainder when 1026277 is divided by 497.
469
Calculate the remainder when 186246 is divided by 2726.
878
Calculate the remainder when 57827 is divided by 2876.
307
What is the remainder when 5541538 is divided by 5541526?
12
What is the remainder when 830251 is divided by 468?
19
What is the remainder when 5462480 is divided by 2731186?
108
What is the remainder when 54407732 is divided by 571?
568
What is the remainder when 26541789 is divided by 505?
504
Calculate the remainder when 7065639 is divided by 503.
501
Calculate the remainder when 2776124 is divided by 1388039.
46
What is the remainder when 4743945 is divided by 158?
153
Calculate the remainder when 45355107 is divided by 39.
18
Calculate the remainder when 47990 is divided by 15986.
32
What is the remainder when 263926778 is divided by 181?
180
Calculate the remainder when 44227002 is divided by 19709.
6
What is the remainder when 444253 is divided by 222026?
201
What is the remainder when 267483 is divided by 1168?
11
Calculate the remainder when 1847928 is divided by 2832.
1464
Calculate the remainder when 31035 is divided by 3424.
219
Calculate the remainder when 197954 is divided by 2675.
4
Calculate the remainder when 35382135 is divided by 11794044.
3
What is the remainder when 616000 is divided by 1855?
140
What is the remainder when 706930 is divided by 1880?
50
Calculate the remainder when 248676 is divided by 1793.
1242
What is the remainder when 1270523 is divided by 1769?
381
What is the remainder when 138049 is divided by 1706?
1569
What is the remainder when 47436 is divided by 11847?
48
What is the remainder when 1232273 is divided by 1580?
1453
Calculate the remainder when 64495536 is divided by 11602.
18
Calculate the remainder when 12775506 is divided by 1719.
1617
Calculate the remainder when 209810231 is divided by 4209.
4208
Calculate the remainder when 13996192 is divided by 320.
32
What is the remainder when 3261733 is divided by 11566?
121
What is the remainder when 1461396 is divided by 146?
82
What is the remainder when 137446 is divided by 1571?
769
Calculate the remainder when 134741 is divided by 658.
509
What is the remainder when 9591625 is divided by 416?
329
Calculate the remainder when 501995 is divided by 4218.
53
Calculate the remainder when 1019384 is divided by 1019173.
211
What is the remainder when 123037854 is divided by 3832?
3830
Calculate the remainder when 19039707 is divided by 1175.
7
Calculate the remainder when 6919150 is divided by 5152.
14
Calculate the remainder when 184865425 is divided by 1545.
1540
Calculate the remainder when 3079907 is divided by 81.
44
Calculate the remainder when 186002876 is divided by 9952.
9948
Calculate the remainder when 30694731 is divided by 7720.
11
What is the remainder when 300931 is divided by 24?
19
Calculate the remainde